digit of 2309607383?
6
What is the tens digit of 3991958?
5
What is the ten thousands digit of 9627628?
2
What is the hundreds digit of 933672577?
5
What is the ten thousands digit of 261502198?
0
What is the millions digit of 38528737?
8
What is the hundreds digit of 324722363?
3
What is the millions digit of 142737589?
2
What is the ten thousands digit of 2591668857?
6
What is the hundred millions digit of 561050951?
5
What is the hundreds digit of 2854195289?
2
What is the thousands digit of 102449477?
9
What is the millions digit of 35516546?
5
What is the millions digit of 578996112?
8
What is the hundred thousands digit of 696504413?
5
What is the thousands digit of 6508576795?
6
What is the tens digit of 4223533577?
7
What is the millions digit of 2281971778?
1
What is the units digit of 6432750805?
5
What is the billions digit of 2622365177?
2
What is the hundred millions digit of 146878070?
1
What is the hundred thousands digit of 140722642?
7
What is the thousands digit of 219580041?
0
What is the units digit of 330821944?
4
What is the ten millions digit of 548639765?
4
What is the tens digit of 267577175?
7
What is the units digit of 379085378?
8
What is the thousands digit of 95608389?
8
What is the ten thousands digit of 234843018?
4
What is the ten millions digit of 610239428?
1
What is the millions digit of 34519476?
4
What is the hundreds digit of 24339981?
9
What is the ten millions digit of 239967456?
3
What is the hundreds digit of 679336101?
1
What is the hundreds digit of 292944109?
1
What is the units digit of 428977724?
4
What is the ten millions digit of 238557553?
3
What is the billions digit of 4086439979?
4
What is the millions digit of 12036767?
2
What is the hundreds digit of 51450449?
4
What is the ten millions digit of 5386193229?
8
What is the millions digit of 1713650179?
3
What is the ten millions digit of 26029790?
2
What is the hundreds digit of 33973141?
1
What is the units digit of 1423715386?
6
What is the units digit of 80859794?
4
What is the millions digit of 16001026?
6
What is the hundred millions digit of 128008137?
1
What is the thousands digit of 1032421512?
1
What is the ten millions digit of 121602831?
2
What is the hundred millions digit of 1567483502?
5
What is the hundreds digit of 98171665?
6
What is the hundreds digit of 165630758?
7
What is the billions digit of 2587454924?
2
What is the hundreds digit of 3974193785?
7
What is the hundreds digit of 28200553?
5
What is the hundred millions digit of 148738873?
1
What is the ten thousands digit of 1168730454?
3
What is the hundred millions digit of 5872264286?
8
What is the units digit of 1250943208?
8
What is the hundred thousands digit of 512794209?
7
What is the ten millions digit of 40433563?
4
What is the ten millions digit of 85076979?
8
What is the ten thousands digit of 32743173?
4
What is the units digit of 76321278?
8
What is the thousands digit of 44178825?
8
What is the ten thousands digit of 677295415?
9
What is the ten thousands digit of 929051311?
5
What is the hundreds digit of 48405374?
3
What is the tens digit of 396787679?
7
What is the hundreds digit of 1111758630?
6
What is the units digit of 3979875924?
4
What is the thousands digit of 1054400791?
0
What is the ten millions digit of 828960555?
2
What is the millions digit of 23205168?
3
What is the units digit of 114204477?
7
What is the ten millions digit of 1689776289?
8
What is the hundred millions digit of 107057732?
1
What is the hundreds digit of 151917255?
2
What is the tens digit of 2256240262?
6
What is the ten thousands digit of 452619430?
1
What is the hundred millions digit of 1505576167?
5
What is the millions digit of 6417826636?
7
What is the ten thousands digit of 2037920452?
2
What is the ten thousands digit of 32178080?
7
What is the millions digit of 141791798?
1
What is the hundreds digit of 52205478?
4
What is the tens digit of 28119756?
5
What is the hundreds digit of 5564870?
8
What is the hundreds digit of 27186192?
1
What is the ten thousands digit of 34292108?
9
What is the billions digit of 1901936245?
1
What is the hundred thousands digit of 591659146?
6
What is the ten thousands digit of 22028091?
2
What is the tens digit of 4376585?
8
What is the billions digit of 1104447141?
1
What is the tens digit of 56408432?
3
What is the ten millions digit of 5383735891?
8
What is the ten thousands digit of 1684690929?
9
What is the thousands digit of 695722152?
2
What is the tens digit of 138971910?
1
What is the ten thousands digit of 395551591?
5
What is the thousands digit of 278454090?
4
What is the hundreds digit of 446369265?
2
What is the millions digit of 363725212?
3
What is the hundred thousands digit of 5359292?
3
What is the hundreds digit of 155962000?
0
What is the thousands digit of 7609649?
9
What is the tens digit of 772763955?
5
What is the ten thousands digit of 310672506?
7
What is the units digit of 34670036?
6
What is the ten millions digit of 25409817?
2
What is the hundred thousands digit of 7899931220?
9
What is the tens digit of 32623768?
6
What is the thousands digit of 64612348?
2
What is the hundred thousands digit of 10946485?
9
What is the thousands digit of 50453950?
3
What is the thousands digit of 451492433?
2
What is the units digit of 1384780862?
2
What is the units digit of 80559076?
6
What is the hundred thousands digit of 157238078?
2
What is the millions digit of 225144231?
5
What is the thousands digit of 829451356?
1
What is the ten millions digit of 94249380?
9
What is the hundreds digit of 89460850?
8
What is the ten thousands digit of 28950292?
5
What is the units digit of 2597364875?
5
What is the thousands digit of 868874577?
4
What is the hundred millions digit of 6096604360?
0
What is the units digit of 190741666?
6
What is the thousands digit of 12833581?
3
What is the ten millions digit of 141212916?
4
What is the ten millions digit of 64347474?
6
What is the thousands digit of 4963992516?
2
What is the hundreds digit of 103237177?
1
What is the hundred thousands digit of 113503730?
5
What is the millions digit of 8741032210?
1
What is the thousands digit of 6618972402?
2
What is the ten thousands digit of 228882747?
8
What is the hundreds digit of 8583725?
7
What is the tens digit of 1028619169?
6
What is the units digit of 481648424?
4
What is the thousands digit of 419010684?
0
What is the hundred thousands digit of 24618822?
6
What is the thousands digit of 148819562?
9
What is the tens digit of 57285989?
8
What is the tens digit of 153489808?
0
What is the tens digit of 712334522?
2
What is the ten millions digit of 319335464?
1
What is the tens digit of 7160124514?
1
What is the ten thousands digit of 629111762?
1
What is the hundreds digit of 50672532?
5
What is the thousands digit of 35526831?
6
What is the hundred thousands digit of 375343829?
3
What is the ten millions digit of 27968637?
2
What is the thousands digit of 2225844378?
4
What is the tens digit of 50388274?
7
What is the ten thousands digit of 223552689?
5
What is the tens digit of 93974114?
1
What is the thousands digit of 41744976?
4
What is the hundred millions digit of 383345148?
3
What is the hundreds digit of 27769951?
9
What is the tens digit of 41868274?
7
What is the hundreds digit of 362759425?
4
What is the thousands digit of 164200655?
0
What is the hundred thousands digit of 2053385?
0
What is the millions digit of 301869569?
1
What is the ten millions digit of 18006357?
1
What is the millions digit of 203619483?
3
What is the tens digit of 1795948874?
7
What is the millions digit of 614463644?
4
What is the thousands digit of 6521406?
1
What is the thousands digit of 29046669?
6
What is the ten thousands digit of 111175317?
7
What is the millions digit of 10081007?
0
What is the tens digit of 400760588?
8
What is the ten thousands digit of 525312562?
1
What is the hundred thousands digit of 65438122?
4
What is the tens digit of 543738831?
3
What is the thousands digit of 284651200?
1
What is the units digit of 108538551?
1
What is the billions digit of 1207289825?
1
What is the hundred thousands digit of 168937102?
9
What is the ten thousands digit of 43046630?
4
What is the hundreds digit of 82922594?
5
What 